f 236756?
False
Is 582015 a multiple of 21?
True
Does 17 divide 908378?
True
Does 2 divide 26510?
True
Does 19 divide 153311?
True
Is 15 a factor of 10319201?
False
Is 88 a factor of 102432?
True
Is 2236006 a multiple of 54?
False
Does 94 divide 933890?
True
Does 429 divide 68776?
False
Is 2542381 a multiple of 37?
True
Is 3195618 a multiple of 164?
False
Does 17 divide 68909?
False
Is 4504498 a multiple of 751?
True
Is 33 a factor of 119942?
False
Does 20 divide 801389?
False
Is 45 a factor of 472185?
True
Is 258 a factor of 264450?
True
Is 739857 a multiple of 89?
True
Does 10 divide 211420?
True
Is 216825 a multiple of 147?
True
Is 1136626 a multiple of 12?
False
Does 94 divide 2622600?
True
Does 492 divide 714122?
False
Is 848 a factor of 1673104?
True
Is 2 a factor of 43043?
False
Is 4 a factor of 24224?
True
Is 4 a factor of 834436?
True
Is 9013401 a multiple of 646?
False
Is 26 a factor of 731910?
False
Is 7566752 a multiple of 16?
True
Does 5 divide 10169963?
False
Is 10 a factor of 87949?
False
Is 599648 a multiple of 8?
True
Is 58992 a multiple of 6?
True
Does 1078 divide 3840914?
True
Is 153126 a multiple of 16?
False
Is 101037 a multiple of 14?
False
Is 227 a factor of 28551152?
True
Is 25 a factor of 455575?
True
Is 34 a factor of 2288138?
False
Is 8 a factor of 559823?
False
Is 10 a factor of 6194822?
False
Is 193424 a multiple of 7?
True
Is 210389 a multiple of 61?
True
Is 1953195 a multiple of 177?
True
Is 781080 a multiple of 20?
True
Does 29 divide 144796?
False
Is 1868854 a multiple of 57?
False
Does 411 divide 10954659?
False
Is 14 a factor of 295274?
True
Is 81 a factor of 42171?
False
Is 128482 a multiple of 116?
False
Is 654 a factor of 264811?
False
Does 955 divide 1028535?
True
Is 65 a factor of 31005?
True
Does 18 divide 4894208?
False
Is 37 a factor of 626299?
True
Is 513 a factor of 8293671?
True
Is 1399250 a multiple of 145?
True
Does 24 divide 322616?
False
Does 93 divide 6882?
True
Does 19 divide 364838?
True
Does 87 divide 117711?
True
Does 187 divide 14933845?
False
Does 7 divide 94971?
False
Does 24 divide 5801376?
True
Is 7571581 a multiple of 29?
True
Is 262 a factor of 415413?
False
Is 2145840 a multiple of 24?
True
Is 616 a factor of 2698080?
True
Does 137 divide 3226213?
True
Is 776 a factor of 14519736?
True
Is 62 a factor of 8105969?
False
Is 4988 a multiple of 4?
True
Does 8 divide 5374864?
True
Is 4807598 a multiple of 30?
False
Is 92 a factor of 199824?
True
Is 224953 a multiple of 10?
False
Is 1998268 a multiple of 273?
False
Is 815617 a multiple of 11?
True
Does 423 divide 11745864?
True
Is 204 a factor of 103428?
True
Does 956 divide 18227546?
False
Is 41831 a multiple of 3?
False
Does 4 divide 1613?
False
Is 25 a factor of 224250?
True
Is 7 a factor of 286581?
False
Is 42 a factor of 6787?
False
Is 259056 a multiple of 28?
True
Does 14 divide 74298?
True
Is 9678067 a multiple of 1908?
False
Is 129579 a multiple of 195?
False
Does 18 divide 74525?
False
Is 113 a factor of 174875?
False
Is 14 a factor of 756725?
False
Does 12 divide 8641?
False
Is 93 a factor of 1328784?
True
Is 7 a factor of 445564?
True
Does 231 divide 2316546?
False
Does 267 divide 3791342?
False
Is 175567 a multiple of 2?
False
Is 4 a factor of 10814?
False
Is 39138 a multiple of 12?
False
Is 84885 a multiple of 10?
False
Is 3229429 a multiple of 43?
True
Is 694226 a multiple of 26?
True
Is 711785 a multiple of 6?
False
Is 60299 a multiple of 7?
False
Is 62 a factor of 16818033?
False
Does 752 divide 43616?
True
Is 7 a factor of 206360?
True
Is 31 a factor of 530999?
True
Is 51 a factor of 36516?
True
Is 102 a factor of 5203?
False
Is 1267488 a multiple of 9?
True
Does 151 divide 28992?
True
Is 20359 a multiple of 3?
False
Is 870733 a multiple of 338?
False
Is 209665 a multiple of 19?
True
Does 10 divide 152786?
False
Is 1069130 a multiple of 170?
True
Is 16 a factor of 4470253?
False
Is 89 a factor of 595592?
False
Is 63 a factor of 16854579?
True
Is 2473449 a multiple of 658?
False
Is 518230 a multiple of 96?
False
Does 9 divide 314811?
True
Is 22 a factor of 1590424?
True
Is 13 a factor of 10462213?
False
Is 12 a factor of 31407?
False
Is 18 a factor of 805734?
True
Is 2060 a factor of 29031580?
True
Is 198 a factor of 246697?
False
Is 2466058 a multiple of 14?
True
Is 682126 a multiple of 3?
False
Does 30 divide 2699040?
True
Is 9 a factor of 1347021?
True
Is 572 a factor of 979836?
True
Is 2 a factor of 128689?
False
Is 2989 a factor of 23553320?
True
Does 4 divide 2492256?
True
Is 8 a factor of 959464?
True
Is 7884 even?
True
Is 38 a factor of 64334?
True
Is 21 a factor of 404049?
False
Does 252 divide 173376?
True
Is 217550 a multiple of 120?
False
Does 8 divide 159183?
False
Is 4 a factor of 268528?
True
Is 25 a factor of 111400?
True
Does 305 divide 42700?
True
Does 232 divide 2875869?
False
Does 51 divide 557465?
False
Is 93 a factor of 87064?
False
Is 10 a factor of 127344?
False
Is 30 a factor of 595491?
False
Is 2613951 a multiple of 985?
False
Does 128 divide 114816?
True
Is 2497164 a multiple of 34?
True
Does 42 divide 1999725?
False
Does 957 divide 8875218?
True
Is 128 a factor of 4451801?
False
Is 18360 a multiple of 255?
True
Does 170 divide 187113?
False
Is 6863292 a multiple of 486?
True
Is 697 a factor of 912220?
False
Is 140 a factor of 356720?
True
Does 43 divide 6875770?
False
Is 30 a factor of 105471?
False
Is 3 a factor of 17453?
False
Does 288 divide 1566432?
True
Does 5 divide 1809685?
True
Is 6 a factor of 276754?
False
Does 32 divide 334048?
True
Is 3354588 a multiple of 1095?
False
Is 13682750 a multiple of 2224?
False
Is 164 a factor of 305259?
False
Is 6 a factor of 209406?
True
Does 12 divide 292992?
True
Does 7 divide 82533?
False
Is 270 a factor of 3132540?
True
Is 6 a factor of 125218?
False
Is 1269453 a multiple of 29?
False
Does 314 divide 10007623?
False
Is 77 a factor of 3984057?
True
Does 125 divide 688131?
False
Does 14 divide 387963?
False
Does 126 divide 18939485?
False
Does 277 divide 13019?
True
Does 314 divide 368322?
True
Does 90 divide 25004?
False
Does 8 divide 105473?
False
Does 86 divide 2302263?
False
Does 3 divide 36705?
True
Is 101 a factor of 1999516?
False
Is 251 a factor of 118495?
False
Is 56 a factor of 32763?
False
Does 69 divide 3711648?
True
Does 430 divide 226248?
False
Is 121440 a multiple of 552?
True
Is 210 a factor of 116970?
True
Is 384239 a multiple of 61?
True
Is 589394 a multiple of 618?
False
Does 28 divide 516468?
False
Does 75 divide 12951750?
True
Is 59 a factor of 3666378?
True
Is 716 a factor of 381310?
False
Is 46 a factor of 2604559?
False
Is 9385 a multiple of 27?
False
Is 1612314 a multiple of 66?
True
Is 5600611 a multiple of 281?
True
Is 1132032 a multiple of 12?
True
Does 93 divide 303856?
False
Is 858393 a multiple of 127?
True
Is 104 a factor of 32301?
False
Does 6 divide 562179?
False
Does 31 divide 8952?
False
Is 205 a factor of 7729115?
True
Does 14 divide 3735929?
False
Is 577872 even?
True
Is 27844820 a multiple of 970?
True
Is 13 a factor of 936273?
True
Does 140 divide 523740?
True
Is 2087710 a multiple of 626?
True
Is 2080172 a multiple of 38?
False
Is 98 a factor of 1273216?
True
Is 7140204 a multiple of 306?
True
Does 27 divide 248947?
False
Does 191 divide 132172?
True
Is 7 a factor of 260050?
True
Is 230 a factor of 924600?
True
Is 2578170 a multiple of 30?
True
Does 625 divide 3739826?
False
Is 12 a factor of 1688068?
False
Is 124 a factor of 1099880?
True
Is 102 a factor of 1472064?
True
Is 50160 a multiple of 114?
True
Is 2423660 a multiple of 36?
False
Is 1152 a factor of 2600144?
False
Does 2 divide 40197?
False
Is 801707 a multiple of 179?
False
Is 291756 a multiple of 41?
True
Does 22 divide 143699?
False
Does 56 divide 120199?
False
Does 21 divide 4835158?
False
Does 247 divide 770195?
False
Does 7 divide 17150?
True
Is 194 a factor of 101993?
False
Is 114410 a multiple of 4?
False
Is 1734107 a multiple of 1258?
False
Does 98 divide 6556004?
True
Does 545 divide 14496443?
False
Does 28 divide 994728?
True
Is 70 a factor of 70817?
False
Is 77662 a multiple of 356?
False
Does 6 divide 3395190?
True
Is 67375 a multiple of 28?
False
Is 6903 a multiple of 59?
True
Is 215631 a multiple of 13?
True
Is 621 a factor of 107292